1015?
51
What is the remainder when 26040 is divided by 2003?
1
What is the remainder when 80256 is divided by 204?
84
What is the remainder when 20042 is divided by 96?
74
Calculate the remainder when 240376 is divided by 101.
97
Calculate the remainder when 3643 is divided by 453.
19
Calculate the remainder when 159319 is divided by 6.
1
What is the remainder when 1434 is divided by 37?
28
What is the remainder when 1231 is divided by 115?
81
What is the remainder when 2362 is divided by 625?
487
What is the remainder when 971 is divided by 270?
161
Calculate the remainder when 1857 is divided by 832.
193
Calculate the remainder when 2169 is divided by 178.
33
What is the remainder when 883 is divided by 291?
10
Calculate the remainder when 115930 is divided by 404.
386
Calculate the remainder when 1193 is divided by 242.
225
Calculate the remainder when 2442945 is divided by 13.
11
What is the remainder when 67194 is divided by 13?
10
Calculate the remainder when 2966 is divided by 159.
104
What is the remainder when 395927 is divided by 117?
116
Calculate the remainder when 18742 is divided by 46.
20
What is the remainder when 569134 is divided by 334?
332
What is the remainder when 25496 is divided by 51?
47
What is the remainder when 41920 is divided by 327?
64
What is the remainder when 45373 is divided by 5671?
5
What is the remainder when 454115 is divided by 20?
15
What is the remainder when 8974 is divided by 35?
14
Calculate the remainder when 9168 is divided by 84.
12
What is the remainder when 157516 is divided by 363?
337
Calculate the remainder when 3044 is divided by 1057.
930
What is the remainder when 99883 is divided by 3329?
13
Calculate the remainder when 5959 is divided by 8.
7
Calculate the remainder when 35033 is divided by 49.
47
Calculate the remainder when 213565 is divided by 374.
11
What is the remainder when 29346 is divided by 1051?
969
What is the remainder when 3827 is divided by 40?
27
Calculate the remainder when 126194 is divided by 5.
4
What is the remainder when 15058 is divided by 295?
13
Calculate the remainder when 256909 is divided by 14.
9
What is the remainder when 1737 is divided by 248?
1
Calculate the remainder when 1085 is divided by 800.
285
Calculate the remainder when 35189 is divided by 138.
137
What is the remainder when 2619113 is divided by 339?
338
Calculate the remainder when 9281 is divided by 778.
723
What is the remainder when 1498 is divided by 243?
40
What is the remainder when 14799 is divided by 462?
15
What is the remainder when 139586 is divided by 119?
118
Calculate the remainder when 134842 is divided by 174.
166
Calculate the remainder when 179854 is divided by 179815.
39
Calculate the remainder when 48875 is divided by 48859.
16
What is the remainder when 228 is divided by 39?
33
Calculate the remainder when 8379 is divided by 266.
133
What is the remainder when 323778 is divided by 20?
18
What is the remainder when 15450 is divided by 23?
17
Calculate the remainder when 293395 is divided by 146675.
45
What is the remainder when 108377 is divided by 1245?
62
Calculate the remainder when 1617 is divided by 70.
7
Calculate the remainder when 93531 is divided by 139.
123
What is the remainder when 627 is divided by 72?
51
What is the remainder when 289 is divided by 75?
64
What is the remainder when 106455 is divided by 147?
27
Calculate the remainder when 189311 is divided by 128.
127
Calculate the remainder when 910 is divided by 879.
31
Calculate the remainder when 42050 is divided by 284.
18
What is the remainder when 101522 is divided by 131?
128
What is the remainder when 117305 is divided by 946?
1
What is the remainder when 254507 is divided by 44?
11
Calculate the remainder when 15637 is divided by 3902.
29
Calculate the remainder when 2267337 is divided by 103.
101
Calculate the remainder when 3854 is divided by 26.
6
Calculate the remainder when 37799 is divided by 189.
188
What is the remainder when 23991 is divided by 71?
64
Calculate the remainder when 72440 is divided by 1019.
91
What is the remainder when 24276 is divided by 489?
315
What is the remainder when 145358 is divided by 316?
314
Calculate the remainder when 594700 is divided by 11.
7
What is the remainder when 152622 is divided by 966?
960
What is the remainder when 15938 is divided by 22?
10
Calculate the remainder when 3488 is divided by 352.
320
Calculate the remainder when 1364428 is divided by 301.
296
Calculate the remainder when 870 is divided by 39.
12
What is the remainder when 24822 is divided by 315?
252
What is the remainder when 1110644 is divided by 45?
44
What is the remainder when 3144 is divided by 1473?
198
What is the remainder when 89789 is divided by 219?
218
Calculate the remainder when 4053 is divided by 1341.
30
What is the remainder when 855113 is divided by 5030?
13
What is the remainder when 2588 is divided by 166?
98
What is the remainder when 940553 is divided by 4?
1
Calculate the remainder when 94067 is divided by 201.
200
Calculate the remainder when 669 is divided by 259.
151
What is the remainder when 13221 is divided by 4402?
15
What is the remainder when 38628 is divided by 2575?
3
Calculate the remainder when 80695 is divided by 2308.
2223
What is the remainder when 5155 is divided by 515?
5
What is the remainder when 11073958 is divided by 15?
13
What is the remainder when 18597 is divided by 1857?
27
What is the remainder when 2290 is divided by 54?
22
What is the remainder when 30337 is divided by 205?
202
What is the remainder when 433102 is divided by 17?
10
Calculate the remainder when 745256 is divided by 254.
20
What is the remainder when 8149 is divided by 286?
141
What is the remainder when 17092 is divided by 166?
160
Calculate the remainder when 6142 is divided by 1226.
12
Calculate the remainder when 4644 is divided by 1159.
8
Calculate the remainder when 6583718 is divided by 13.
11
Calculate the remainder when 4237 is divided by 43.
23
Calculate the remainder when 3535 is divided by 241.
161
Calculate the remainder when 3927949 is divided by 112.
109
What is the remainder when 32799 is divided by 1096?
1015
What is the remainder when 54808 is divided by 300?
208
Calculate the remainder when 174713 is divided by 62.
59
What is the remainder when 387396 is divided by 129122?
30
What is the remainder when 65722 is divided by 22?
8
What is the remainder when 15382 is divided by 111?
64
What is the remainder when 1129 is divided by 1077?
52
Calculate the remainder when 141800 is divided by 147.
92
Calculate the remainder when 6730 is divided by 6413.
317
Calculate the remainder when 76272 is divided by 1439.
5
What is the remainder when 53180 is divided by 372?
356
Calculate the remainder when 24528 is divided by 8170.
18
What is the remainder when 7694 is divided by 62?
6
Calculate the remainder when 1511 is divided by 897.
614
What is the remainder when 14676 is divided by 47?
12
What is the remainder when 117901 is divided by 57?
25
What is the remainder when 446277 is divided by 7?
6
Calculate the remainder when 1317 is divided by 463.
391
What is the remainder when 14109 is divided by 1763?
5
Calculate the remainder when 461 is divided by 14.
13
What is the remainder when 10144 is divided by 4819?
506
Calculate the remainder when 12322 is divided by 65.
37
What is the remainder when 8230 is divided by 33?
13
Calculate the remainder when 517301 is divided by 802.
11
What is the remainder when 1769 is divided by 217?
33
What is the remainder when 144721 is divided by 410?
401
What is the remainder when 62232 is divided by 244?
12
Calculate the remainder when 2960 is divided by 105.
20
What is the remainder when 21234 is divided by 51?
18
What is the remainder when 66582 is divided by 102?
78
What is the remainder when 21401 is divided by 21365?
36
Calculate the remainder when 61117 is divided by 10165.
127
Calculate the remainder when 304432 is divided by 399.
394
Calculate the remainder when 634 is divided by 69.
13
Calculate the remainder when 1671 is divided by 189.
159
What is the remainder when 75223 is divided by 3419?
5
Calculate the remainder when 25232 is divided by 11.
9
What is the remainder when 366203 is divided by 91548?
11
Calculat